{"id":440,"date":"2020-11-30T21:51:37","date_gmt":"2020-11-30T20:51:37","guid":{"rendered":"http:\/\/sq7hjb.pl\/?page_id=440"},"modified":"2020-12-16T22:34:07","modified_gmt":"2020-12-16T21:34:07","slug":"miernik-czestotliwosci-w-g-s53mv","status":"publish","type":"page","link":"http:\/\/sq7hjb.pl\/index.php\/miernik-czestotliwosci-w-g-s53mv\/","title":{"rendered":"Miernik cz\u0119stotliwo\u015bci w\/g S53MV"},"content":{"rendered":"\n<p class=\"has-medium-font-size\">Miernik cz\u0119stotliwo\u015bci w\/g S53MV to znana topowa konstrukcja, godna polecenia.  Poni\u017cej link do strony autora projektu.<\/p>\n\n\n\n<p><a rel=\"noreferrer noopener\" href=\"http:\/\/lea.hamradio.si\/~s53mv\/counter\/history.html\" target=\"_blank\">http:\/\/lea.hamradio.si\/~s53mv\/counter\/history.html<\/a><\/p>\n\n\n\n<p>Miernik sk\u0142ada si\u0119 z kilku p\u0142ytek(p\u0142ytka podstawowa i &#8220;frontendy&#8221;)<br>Zaprojektowa\u0142em swoj\u0105 wersj\u0119 p\u0142ytki podstawowej.<\/p>\n\n\n\n<figure class=\"wp-block-image size-large\"><img loading=\"lazy\" decoding=\"async\" width=\"1024\" height=\"710\" src=\"http:\/\/sq7hjb.pl\/wp-content\/uploads\/2020\/11\/DSC_06981-1024x710.jpg\" alt=\"pcb s53mv - top\" class=\"wp-image-451\" srcset=\"http:\/\/sq7hjb.pl\/wp-content\/uploads\/2020\/11\/DSC_06981-1024x710.jpg 1024w, http:\/\/sq7hjb.pl\/wp-content\/uploads\/2020\/11\/DSC_06981-300x208.jpg 300w, http:\/\/sq7hjb.pl\/wp-content\/uploads\/2020\/11\/DSC_06981-768x533.jpg 768w, http:\/\/sq7hjb.pl\/wp-content\/uploads\/2020\/11\/DSC_06981-1536x1066.jpg 1536w, http:\/\/sq7hjb.pl\/wp-content\/uploads\/2020\/11\/DSC_06981-2048x1421.jpg 2048w\" sizes=\"auto, (max-width: 1024px) 100vw, 1024px\" \/><\/figure>\n\n\n\n<figure class=\"wp-block-image size-large\"><img loading=\"lazy\" decoding=\"async\" width=\"1024\" height=\"667\" src=\"http:\/\/sq7hjb.pl\/wp-content\/uploads\/2020\/11\/DSC_07011-1024x667.jpg\" alt=\"pcb s53mv - bottom\" class=\"wp-image-452\" srcset=\"http:\/\/sq7hjb.pl\/wp-content\/uploads\/2020\/11\/DSC_07011-1024x667.jpg 1024w, http:\/\/sq7hjb.pl\/wp-content\/uploads\/2020\/11\/DSC_07011-300x195.jpg 300w, http:\/\/sq7hjb.pl\/wp-content\/uploads\/2020\/11\/DSC_07011-768x500.jpg 768w, http:\/\/sq7hjb.pl\/wp-content\/uploads\/2020\/11\/DSC_07011-1536x1000.jpg 1536w, http:\/\/sq7hjb.pl\/wp-content\/uploads\/2020\/11\/DSC_07011-2048x1334.jpg 2048w\" sizes=\"auto, (max-width: 1024px) 100vw, 1024px\" \/><\/figure>\n\n\n\n<p>Kolejnym krokiem b\u0119dzie narysowanie pcb do p\u0142ytek dodatkowych.<br>P\u0142ytka podstawowa uruchomi\u0142a si\u0119 bez wi\u0119kszych problem\u00f3w. Jest jeden drobny b\u0142\u0105d, kt\u00f3ry mo\u017cna bezproblemowo skorygowa\u0107. Brakuje jednego po\u0142\u0105czenia \u015bcie\u017cek masowych.<br>Korekt\u0119 wida\u0107 na fotce poni\u017cej w lewym dolnym naro\u017cniku pcb.<\/p>\n\n\n\n<figure class=\"wp-block-image size-large\"><img loading=\"lazy\" decoding=\"async\" width=\"1024\" height=\"704\" src=\"http:\/\/sq7hjb.pl\/wp-content\/uploads\/2020\/11\/DSC_06951-1024x704.jpg\" alt=\"pcb s53mv zmontowana - bottom\" class=\"wp-image-455\" srcset=\"http:\/\/sq7hjb.pl\/wp-content\/uploads\/2020\/11\/DSC_06951-1024x704.jpg 1024w, http:\/\/sq7hjb.pl\/wp-content\/uploads\/2020\/11\/DSC_06951-300x206.jpg 300w, http:\/\/sq7hjb.pl\/wp-content\/uploads\/2020\/11\/DSC_06951-768x528.jpg 768w, http:\/\/sq7hjb.pl\/wp-content\/uploads\/2020\/11\/DSC_06951-1536x1056.jpg 1536w, http:\/\/sq7hjb.pl\/wp-content\/uploads\/2020\/11\/DSC_06951-2048x1408.jpg 2048w\" sizes=\"auto, (max-width: 1024px) 100vw, 1024px\" \/><\/figure>\n\n\n\n<p>A to widok zmontowanej p\u0142ytki.<\/p>\n\n\n\n<figure class=\"wp-block-image size-large\"><img loading=\"lazy\" decoding=\"async\" width=\"1024\" height=\"703\" src=\"http:\/\/sq7hjb.pl\/wp-content\/uploads\/2020\/11\/DSC_06941-1-1024x703.jpg\" alt=\"pcb 353mv zmontowana top\" class=\"wp-image-456\" srcset=\"http:\/\/sq7hjb.pl\/wp-content\/uploads\/2020\/11\/DSC_06941-1-1024x703.jpg 1024w, http:\/\/sq7hjb.pl\/wp-content\/uploads\/2020\/11\/DSC_06941-1-300x206.jpg 300w, http:\/\/sq7hjb.pl\/wp-content\/uploads\/2020\/11\/DSC_06941-1-768x527.jpg 768w, http:\/\/sq7hjb.pl\/wp-content\/uploads\/2020\/11\/DSC_06941-1-1536x1054.jpg 1536w, http:\/\/sq7hjb.pl\/wp-content\/uploads\/2020\/11\/DSC_06941-1-2048x1405.jpg 2048w\" sizes=\"auto, (max-width: 1024px) 100vw, 1024px\" \/><\/figure>\n\n\n\n<p>Na p\u0142ytce dominuj\u0105 elementy przewlekane, wyj\u0105tek to uk\u0142ady 7474 oraz 74109.  Tranzystor wej\u015bciowy mo\u017cemy zastosowa\u0107 smd lub tht. Stabilizator 7805 jest montowany po stronie \u015bcie\u017cek. Taki monta\u017c pozwala wykorzysta\u0107 powierzchni\u0119 masy jako radiator. P\u0142ytka ma minimalne zamiany w stosunku do oryginalnego schematu. Montuj\u0105c j\u0105 mo\u017cna polega\u0107 na opisach umieszczonych na niej.<br>Sugerowana kolejno\u015b\u0107 monta\u017cu to zwory (7szt.), podstawka DIL28 oraz elementy zasilania (7805, dioda 1N4007kondensatory 100uF, 10uG oraz d\u0142awiki 10uH). Po wlutowaniu tych element\u00f3w mo\u017cemy sprawdzi\u0107, czy na pinach oznaczonych +5V jest takie napi\u0119cie. Dalsza kolejno\u015b\u0107 monta\u017cu w\/g uznania. I teraz standardowy tekst, \u017ce uk\u0142ad zmontowany ze sprawnych element\u00f3w uruchamia si\u0119 bez problemu.  Jedyna regulacja to kontrast LCD potencjometrem monta\u017cowym. No i oczywi\u015bcie po uruchomieniu ca\u0142o\u015bci korekcja mierzonej cz\u0119stotliwo\u015bci przy pomocy trymera.<\/p>\n\n\n\n<p>Miernik posiada 3 czasy bramkowania (d\u0142ugo\u015bci pomiaru). Wynosz\u0105 one 0,1s , 1s oraz 10 sekund.  Przy zastosowaniu preskalera :64 te czasy si\u0119 zmieniaj\u0105 i wynosz\u0105 64ms. 640ms oraz 6,4 sekundy. Przek\u0142ada si\u0119 to na dok\u0142adno\u015b\u0107 pomiaru. Wyb\u00f3r czasu bramkowania wybieram przez zwarcie pin\u00f3w 15 lub 16 do masy lub pozostawienie ich bez pod\u0142\u0105czenia. Na pcb wyprowadzone s\u0105 3 piny oznaczone 100ms, gnd, 10s.Pozostawieni ich w stanie swobodnym ustawia czas bramkowania na 1 s. Zwarcie pinu 100ms lub 10s z gnd powoduje wybranie jednego z tych czas\u00f3w. Mo\u017cna tu zastosowa\u0107 prze\u0142\u0105cznik dwu-pozycyjny z tzw. zerem.<br><br>Z wej\u015bciem miernika wsp\u00f3\u0142pracuj\u0105 3 uk\u0142ady wej\u015bciowe, nazwa\u0142em je &#8220;frontendy&#8221; odpowiadaj\u0105ce za wzmocnienie, ukszta\u0142towanie sygna\u0142u mierzonego.<br><br>RF front to bezpo\u015bredni pomiar cz\u0119stotliwo\u015bci, uk\u0142ad wej\u015bciowy wzmacnia sygna\u0142 i podaje go na wej\u015bcie  CTR IN p\u0142ytki podstawowej. Na tej p\u0142ytce jest r\u00f3wnie\u017c umieszczony prosty detektor diodowy (BAT62 wraz z kilkoma elementami pomocniczymi), z kt\u00f3rego sygna\u0142 podany na wej\u015bcie RF SIGN powoduje wysterowanie bragarfu  mog\u0105cego s\u0142u\u017cy\u0107 jako orientacyjny wska\u017anik poziomu mierzonego sygna\u0142u. Dodatkowo przy pomiarze przy u\u017cyciu tego stopnia wej\u015bciowego nale\u017cy poda\u0107 +5V na wej\u015bcie oznaczone +5VRF. Jest to informacja dla miernika, z kt\u00f3rego uk\u0142adu pomiarowego korzystamy.<\/p>\n\n\n\n<p>MW front to pomiar z wykorzystaniem preskalera :64. Podobnie jak poprzedni posiada prosty detektor diodowy s\u0142u\u017c\u0105cy  do sterownia baragrafu, kt\u00f3ry jest wska\u017anikiem mierzonego sygna\u0142u. Przy pomiarze z u\u017cyciem tego wej\u015bcia pod\u0142\u0105czamy +5V do wej\u015bcia +5MW (info dla uC) oraz MWSIG &#8211; poziom sygna\u0142u z detektora .<br><br>TTL front jak sama nazwa wskazuje. Pomiar sygna\u0142\u00f3w TTL. Tutaj nie ma ju\u017c detektora, brak po\u0142\u0105czenia wej\u015b\u0107 +5RF lub +5MW informuj uC o pomiarze z wykorzystaniem wej\u015bcia TTL.<br><br>P\u0142ytka podstawowa posiada jedno wej\u015bcie CTR_IN, do kt\u00f3rego  zamiennie pod\u0142\u0105czane  s\u0105 opisane powy\u017cej uk\u0142ady wej\u015bciowe. Autor zastosowa\u0142 tu proste prze\u0142\u0105czniki dwupozycyje do prze\u0142\u0105czania sygna\u0142\u00f3w mierzonych oraz do prze\u0142\u0105czani zasilania uk\u0142ad\u00f3w wej\u015bciowych.<\/p>\n\n\n\n<p><\/p>\n\n\n\n<p>cdn<\/p>\n","protected":false},"excerpt":{"rendered":"<p>Miernik cz\u0119stotliwo\u015bci w\/g S53MV to znana topowa konstrukcja, godna polecenia. Poni\u017cej link do strony autora projektu. http:\/\/lea.hamradio.si\/~s53mv\/counter\/history.html Miernik sk\u0142ada si\u0119<\/p>\n","protected":false},"author":1,"featured_media":0,"parent":0,"menu_order":0,"comment_status":"closed","ping_status":"closed","template":"","meta":{"footnotes":""},"class_list":["post-440","page","type-page","status-publish","hentry","comments-off"],"_links":{"self":[{"href":"http:\/\/sq7hjb.pl\/index.php\/wp-json\/wp\/v2\/pages\/440","targetHints":{"allow":["GET"]}}],"collection":[{"href":"http:\/\/sq7hjb.pl\/index.php\/wp-json\/wp\/v2\/pages"}],"about":[{"href":"http:\/\/sq7hjb.pl\/index.php\/wp-json\/wp\/v2\/types\/page"}],"author":[{"embeddable":true,"href":"http:\/\/sq7hjb.pl\/index.php\/wp-json\/wp\/v2\/users\/1"}],"replies":[{"embeddable":true,"href":"http:\/\/sq7hjb.pl\/index.php\/wp-json\/wp\/v2\/comments?post=440"}],"version-history":[{"count":10,"href":"http:\/\/sq7hjb.pl\/index.php\/wp-json\/wp\/v2\/pages\/440\/revisions"}],"predecessor-version":[{"id":462,"href":"http:\/\/sq7hjb.pl\/index.php\/wp-json\/wp\/v2\/pages\/440\/revisions\/462"}],"wp:attachment":[{"href":"http:\/\/sq7hjb.pl\/index.php\/wp-json\/wp\/v2\/media?parent=440"}],"curies":[{"name":"wp","href":"https:\/\/api.w.org\/{rel}","templated":true}]}}