{"id":38,"date":"2020-03-10T16:47:17","date_gmt":"2020-03-10T15:47:17","guid":{"rendered":"http:\/\/sq7hjb.pl\/?page_id=38"},"modified":"2025-12-21T10:20:33","modified_gmt":"2025-12-21T09:20:33","slug":"konstrukcje-radioamatorskie","status":"publish","type":"page","link":"http:\/\/sq7hjb.pl\/index.php\/konstrukcje-radioamatorskie\/","title":{"rendered":"Konstrukcje radioamatorskie"},"content":{"rendered":"\n<h1 class=\"wp-block-heading\"><strong><a href=\"http:\/\/sq7hjb.pl\/index.php\/uniwersalny-filtr-lpf-dolnoprzepustowy\/\" data-type=\"page\" data-id=\"884\" target=\"_blank\" rel=\"noreferrer noopener\">Uniwerslany filtr LPF<\/a><\/strong><\/h1>\n\n\n\n<h1 class=\"wp-block-heading\"><a aria-label=\"Bias tee (otwiera si\u0119 na nowej zak\u0142adce)\" href=\"http:\/\/sq7hjb.pl\/index.php\/bias-tee\/\" target=\"_blank\" rel=\"noreferrer noopener\">B<strong>ias tee<\/strong><\/a><\/h1>\n\n\n\n<h2 class=\"wp-block-heading\"><a href=\"http:\/\/sq7hjb.pl\/index.php\/164-2\/\" target=\"_blank\" rel=\"noreferrer noopener\" aria-label=\"Pcb do wzmacniacza w obudowie SOT89 (otwiera si\u0119 na nowej zak\u0142adce)\">Pcb do wzmacniacza w obudowie SOT89<\/a><\/h2>\n\n\n\n<h2 class=\"wp-block-heading\"><a href=\"http:\/\/sq7hjb.pl\/index.php\/trx-homodynowy-w-g-us5msq\/\" target=\"_blank\" rel=\"noreferrer noopener\" aria-label=\"TRX homodynowy w\/g US5MSQ (otwiera si\u0119 na nowej zak\u0142adce)\">TRX homodynowy w\/g US5MSQ<\/a><\/h2>\n\n\n\n<h2 class=\"wp-block-heading\"><a href=\"http:\/\/sq7hjb.pl\/index.php\/modul-z-ukladem-si5351\/\" target=\"_blank\" rel=\"noreferrer noopener\" aria-label=\"Modu\u0142 z uk\u0142adem SI5351 (otwiera si\u0119 na nowej zak\u0142adce)\">Modu\u0142 z uk\u0142adem SI5351<\/a><\/h2>\n\n\n\n<h2 class=\"wp-block-heading\"><a rel=\"noreferrer noopener\" aria-label=\"Zeta SDR (otwiera si\u0119 na nowej zak\u0142adce)\" href=\"http:\/\/sq7hjb.pl\/index.php\/zeta-sdr\/\" target=\"_blank\">Zeta SDR<\/a><\/h2>\n\n\n\n<h2 class=\"wp-block-heading\"><a href=\"http:\/\/sq7hjb.pl\/index.php\/filtr-fm-notch-88-108mhz-2\/\" target=\"_blank\" rel=\"noreferrer noopener\" aria-label=\"Filtr FM notch 88-108MHz (otwiera si\u0119 na nowej zak\u0142adce)\">Filtr FM notch 88-108MHz<\/a><\/h2>\n\n\n\n<h2 class=\"wp-block-heading has-primary-color has-text-color\"><strong><a href=\"http:\/\/sq7hjb.pl\/index.php\/mini-gpsdo\/\" target=\"_blank\" rel=\"noreferrer noopener\" aria-label=\"Generator cz\u0119stotliwo\u015bci na  SI5351 synchronizowany sygna\u0142em 1pps z GPS-a. (otwiera si\u0119 na nowej zak\u0142adce)\">Generator cz\u0119stotliwo\u015bci na  SI5351 synchronizowany sygna\u0142em 1pps z GPS-a.<\/a><\/strong><\/h2>\n\n\n\n<h2 class=\"wp-block-heading\"><strong><a rel=\"noreferrer noopener\" aria-label=\" (otwiera si\u0119 na nowej zak\u0142adce)\" href=\"http:\/\/sq7hjb.pl\/index.php\/hf-sdr-dvb-t-up-konwerter\/\" target=\"_blank\">HF SDR DVB-T Up-konwerter<\/a><\/strong><\/h2>\n\n\n\n<h2 class=\"wp-block-heading\"><strong><a href=\"http:\/\/sq7hjb.pl\/wp-admin\/post.php?post=405&amp;action=edit\" target=\"_blank\" rel=\"noreferrer noopener\">Konwerter do tuner\u00f3w DVB-T \u2013 wersja smd<\/a><\/strong><\/h2>\n\n\n\n<h2 class=\"wp-block-heading\"><\/h2>\n\n\n\n<p><\/p>\n","protected":false},"excerpt":{"rendered":"<p>Uniwerslany filtr LPF Bias tee Pcb do wzmacniacza w obudowie SOT89 TRX homodynowy w\/g US5MSQ Modu\u0142 z uk\u0142adem SI5351 Zeta<\/p>\n","protected":false},"author":1,"featured_media":0,"parent":0,"menu_order":0,"comment_status":"closed","ping_status":"closed","template":"","meta":{"footnotes":""},"class_list":["post-38","page","type-page","status-publish","hentry","comments-off"],"_links":{"self":[{"href":"http:\/\/sq7hjb.pl\/index.php\/wp-json\/wp\/v2\/pages\/38","targetHints":{"allow":["GET"]}}],"collection":[{"href":"http:\/\/sq7hjb.pl\/index.php\/wp-json\/wp\/v2\/pages"}],"about":[{"href":"http:\/\/sq7hjb.pl\/index.php\/wp-json\/wp\/v2\/types\/page"}],"author":[{"embeddable":true,"href":"http:\/\/sq7hjb.pl\/index.php\/wp-json\/wp\/v2\/users\/1"}],"replies":[{"embeddable":true,"href":"http:\/\/sq7hjb.pl\/index.php\/wp-json\/wp\/v2\/comments?post=38"}],"version-history":[{"count":12,"href":"http:\/\/sq7hjb.pl\/index.php\/wp-json\/wp\/v2\/pages\/38\/revisions"}],"predecessor-version":[{"id":892,"href":"http:\/\/sq7hjb.pl\/index.php\/wp-json\/wp\/v2\/pages\/38\/revisions\/892"}],"wp:attachment":[{"href":"http:\/\/sq7hjb.pl\/index.php\/wp-json\/wp\/v2\/media?parent=38"}],"curies":[{"name":"wp","href":"https:\/\/api.w.org\/{rel}","templated":true}]}}